he units digit of z?
5
Suppose 5*m + 1 - 16 = 0. Let y(a) = -15 - 2*a + 0*a**3 + a**m - 5*a**2 + 4. What is the tens digit of y(6)?
1
Let x = 463 + 29. What is the units digit of x?
2
Suppose 4*d - 5*n = 44 + 41, -3*d = -2*n - 62. Suppose -d*p + 25*p = 425. What is the tens digit of p?
8
What is the hundreds digit of 36/(-54) - 11866/(-6)?
9
Let z = 6006 - 2678. What is the thousands digit of z?
3
Let a = -4 + 9. Suppose -g + a*g = 8. What is the units digit of -1*g - (-4 - 29)?
1
Let b be 17 - 2*(2 + -1). Let u be (-51)/(-2)*(-10)/b. Let p = u + 38. What is the units digit of p?
1
Let k(l) = 260*l**2 + 788*l + 6. What is the tens digit of k(-6)?
3
Let y(s) = s**3 - 31*s**2 + 11*s - 130. What is the tens digit of y(31)?
1
Suppose 0 = -2*a - 2*c + 88, -6*c - 260 = -5*a - 3*c. Let k = 35 + a. What is the units digit of k?
4
What is the units digit of (-3288)/(-7) - 11/(-77)*2?
0
Suppose -3*l + 508 = i, l - 4*l = -3. What is the units digit of i?
5
What is the thousands digit of (-1199 + 8)*(-44)/12?
4
Let h(b) = b - 3. Let y be h(5). What is the units digit of -4 - (y + (1 - 8))?
1
Let q(y) = 15*y + 3. Let f be q(4). Suppose 0*t + 2*a = -4*t + 304, -5*t + 378 = 2*a. Suppose z + 14 - t = 2*j, -3*j = -z + f. What is the units digit of z?
4
Suppose 9*t + 59 = -g + 4*t, -2*g = 3*t + 83. Let d = 58 + g. Let p = d + 11. What is the units digit of p?
5
Suppose 4*n - 144 = 4*k + 44, 0 = -3*k - 6. What is the units digit of n?
5
Let z(o) = 3*o + 3. Let l be z(2). What is the tens digit of (-6)/l - (-1000)/15?
6
Let i(s) = -s**3 - 7*s**2 - s - 1. Let w be i(-7). Suppose w*u + 63 = x + 3*u, 262 = 4*x - 2*u. What is the tens digit of x?
6
What is the units digit of -2 + 12/(-2) + 773?
5
Suppose -9*i + i + 8296 = 0. What is the units digit of i?
7
Let h(o) = 112*o**2 + 10*o - 7. What is the units digit of h(2)?
1
Let h = 0 - 2. Let o(k) be the second derivative of -16*k**3/3 - 7*k**2/2 + 3*k + 16. What is the tens digit of o(h)?
5
Suppose 0 = 69*p - 240226 - 149486. What is the tens digit of p?
4
Let w(y) = 2*y**3 + 12 - 5*y + y**3 - 4*y**3 + 9*y**2. Let k be w(8). Suppose -31*r = -k*r + 175. What is the tens digit of r?
3
Let x = 832 + -417. Suppose -3*l + x = 2*l. What is the units digit of l?
3
Let t(k) = 5*k**2 + 12*k - 12. Let u be t(-9). What is the tens digit of (-1)/((1 - 6)/u)?
5
Let m(o) = o**3 + 8*o**2 - 8*o + 10. Let a be m(-9). What is the tens digit of (a - 1) + 111 + 4 + -2?
1
Suppose -3*k - 28 = k. Let t be k/(-21) - 1030/(-6). Suppose 3*l - 164 + 10 = -2*q, 4*q = 4*l - t. What is the tens digit of l?
4
Let w be (-1)/((-1)/22) - (2 + 1). Suppose -2*b + w = -15. What is the units digit of b?
7
Let n be -4*(15/2)/3. Suppose k - 5 = 6*k, 0 = 4*t + k - 115. Let j = t + n. What is the units digit of j?
9
Suppose 0*x = -2*x. Suppose g - 3 = -x. Suppose 0 = -g*t + 144 - 33. What is the units digit of t?
7
Suppose 626 = k + 2*u, -3*u - 287 = -3*k + 1573. What is the hundreds digit of k?
6
Let p(k) = k**3 + 8*k**2 + 6*k + 7. Let a be (10/(-30))/(1/21). Let n be p(a). Suppose -r = -s + 1, -n = -0*r - 4*r - 5*s. What is the units digit of r?
1
Suppose -3*f + 29 = -4. Suppose -3*k - n + 7 - 20 = 0, f = -4*k + 5*n. What is the units digit of k/24*2*-12?
4
Let i(d) = 581*d**3 + d**2 - 3*d + 2. What is the units digit of i(1)?
1
Let k(u) = -u**3 - 6*u**2 - u - 3. Let a be k(-6). Suppose y + a*d + 21 = 3*y, d + 27 = 2*y. Suppose 10*x = y*x - 265. What is the tens digit of x?
5
Suppose 0 = 10*y - 2093 - 3487. What is the hundreds digit of y?
5
Suppose -1335 = 12*b - 13*b. What is the thousands digit of b?
1
Suppose 1233 + 405 = 4*p + 5*o, 0 = -p + o + 414. What is the units digit of p?
2
Let q = 21 - 19. Let z(h) = -h**2 + 36 + 5*h - h**q + h**3 - 27. What is the units digit of z(4)?
1
Suppose 0*j + 9*j = 0. Suppose j = -f + 5*i + 143, 0 = -f + 2*f - 2*i - 131. What is the tens digit of f?
2
Let i = -14 - -50. Let q = i + -20. What is the units digit of q?
6
Let o(l) = 10*l**2 - 2*l - 13. What is the hundreds digit of o(-4)?
1
Let f(d) = 2*d - 6. Let j be f(4). Let r(n) = 9*n**3 - n**2 - 3*n + 5. What is the tens digit of r(j)?
6
Let i(m) = 14*m**2 + 10*m + 44. What is the hundreds digit of i(-5)?
3
Suppose -3*z + s = -11084, -4*z + 7268 = 3*s - 7515. What is the hundreds digit of z?
6
Let q = -1239 - -1877. What is the tens digit of q?
3
What is the units digit of (-137370)/(-27) - (814/(-99) + 8)?
8
Let z = 5 - -5. Let k(l) = -l**3 + 11*l**2 - 3*l + 5. What is the units digit of k(z)?
5
Suppose -22*v + 21533 = -3679. What is the hundreds digit of v?
1
Let k = 1690 - 983. What is the hundreds digit of k?
7
Let c(m) = -m**3 - 17*m**2 + 25*m + 36. What is the hundreds digit of c(-20)?
7
Suppose 6949 = -36*u + 196669. What is the thousands digit of u?
5
Let t(q) be the third derivative of 49*q**4/24 + q**3/6 + 2*q**2. Let f(z) = -z**3 - 5*z**2 + 2*z - 23. Let c be f(-6). What is the tens digit of t(c)?
5
Let r(k) = 2*k**2 + 11*k + 7. Let o be r(-7). Let t = 18 + o. What is the tens digit of t?
4
Let h = -110 + 332. What is the tens digit of h?
2
Let q(z) = -z**3 + 4*z**2 - z + 4. Let w be q(3). Let s = 8 + w. What is the units digit of s?
8
Let w(z) be the first derivative of z**4/4 + 14*z**3/3 + 7*z**2 + 7*z - 7. Let u be w(-13). Let t = u - -11. What is the units digit of t?
5
Let v(m) = -1 - 3*m + 4*m**2 + 5*m - 1. Suppose 4 - 6 = -n. What is the units digit of v(n)?
8
Let q(z) = -2*z**3 + 4*z**2 - 2*z - 7. Let t be q(5). Let i be (-546)/(-4)*(-58)/87. Let g = i - t. What is the units digit of g?
6
Suppose 0 = -3*m - 2*m + 110. Let f be (-96)/(-44) - 4/m. Suppose 0 = -3*l - 5*i + 95, 3*l - 6*i - 140 = -f*i. What is the units digit of l?
0
What is the thousands digit of (1 + (-82)/(-14))/(5/980)?
1
Let o be ((-3)/6 - -1)*-6. What is the units digit of (-10 - 2 - o)*-3?
7
Suppose 7*f + 287 + 511 = 0. Let c = 188 + f. What is the tens digit of c?
7
Let j = 46 - -88. What is the hundreds digit of j?
1
Let a = -264 + 1498. What is the hundreds digit of a?
2
Suppose -3*j + 3*o + 63 = 6*o, -o - 47 = -3*j. Let v = j - 14. Suppose -18 = -v*r + 3. What is the units digit of r?
7
Let p(b) = b**3 + 2*b**2 - 3*b - 2. Let a be p(-3). What is the units digit of (96/(-10))/(a/30)?
4
What is the units digit of (-66)/(-99) - 13/(-3) - -1015?
0
Let w = -549 + 952. What is the tens digit of w?
0
Let h(a) = -70*a + 636. What is the hundreds digit of h(-21)?
1
Suppose 0 = 42*u - 21473 - 12799. What is the hundreds digit of u?
8
Suppose 3*n - 3*p - 51 = 0, -2*n - 4 = 2*p - 38. Let v = n - 8. Suppose -2*t - t + v = 0. What is the units digit of t?
3
Suppose -32*n + 2904 = -28*n. What is the hundreds digit of n?
7
Let h(g) = 33*g**3 + 11*g**2 - 27*g - 20. What is the thousands digit of h(5)?
4
What is the tens digit of (50/(-100))/((-2)/1444)?
6
Suppose -28 = b + 4*u, -15 = 2*u - 5. What is the tens digit of (108/(-5))/(b/60)?
6
Let o(f) = 10*f**2 - 22*f + 16. What is the units digit of o(5)?
6
Let z(r) = r**3 + 5*r**2 + 3*r - 4. Let o be z(-3). Suppose 0 = -p + 3, 0*q - q + 26 = -o*p. What is the units digit of q?
1
Let l(h) = -h + 11. Let t be l(5). Suppose -t*a + 2 = -5*a. What is the units digit of a?
2
Let x = 2524 - 1715. What is the tens digit of x?
0
Suppose 25*x = 24*x - 345. Let z = x - -541. What is the tens digit of z?
9
Let s(d) = d + 28. Let c = -12 - 0. Let m be s(c). Let r = 36 - m. What is the tens digit of r?
2
Suppose 0 = -5*u + 3*o + 8, 4*u - 2*o + 5*o - 1 = 0. Suppose u - 4 = -j. Let d(y) = 6*y + 1. What is the units digit of d(j)?
9
Let q = 8392 + -3370. What is the tens digit of q?
2
Suppose 0 = 5*w - 15, 320 = 5*q + 4*w - 312. Let i = -80 + q. What is the units digit of i?
4
Suppose -5*u - 1586 = -8456. What is the tens digit of u?
7
Let z(i) = 3*i**3 - 5*i**2. Suppose 2 - 18 = -4*o. What is the units digit of z(o)?
2
Suppose w - 945 = 2*k, -2*k - 3768 = -4*w - 0*k. What is the hundreds digit of w?
9
Let j(v) = -118*v + 14. Let f(q) = -79*q + 9. Let b(t) = 7*f(t) - 5*j(t). What is the units digit of b(2)?
7
Let z be (-6)/(-14) - (-12)/21. What is the tens digit of z/(2/252*2)?
6
Let w(d) = 19*d**2 - 8*d + 114. What is the tens digit of w(-12)?
4
Let y(b) = -13*b + 17. Let d(x) = 19*x - 26. Let l(t) = 5*d(t) + 7*y(t). Let j be ((-6)/(-5))/(3/15). What is 